{"id":13,"date":"2021-05-21T19:15:30","date_gmt":"2021-05-21T17:15:30","guid":{"rendered":"http:\/\/neu.christiane-ciceron.com\/?page_id=13"},"modified":"2026-02-16T14:39:36","modified_gmt":"2026-02-16T13:39:36","slug":"home","status":"publish","type":"page","link":"https:\/\/christiane-ciceron.com\/","title":{"rendered":"Werke"},"content":{"rendered":"\t\t<div data-elementor-type=\"wp-page\" data-elementor-id=\"13\" class=\"elementor elementor-13\">\n\t\t\t\t\t\t<section class=\"elementor-section elementor-top-section elementor-element elementor-element-7ed3a30 elementor-section-boxed elementor-section-height-default elementor-section-height-default\" data-id=\"7ed3a30\" data-element_type=\"section\" data-e-type=\"section\">\n\t\t\t\t\t\t<div class=\"elementor-container elementor-column-gap-default\">\n\t\t\t\t\t<div class=\"elementor-column elementor-col-100 elementor-top-column elementor-element elementor-element-2662ed9\" data-id=\"2662ed9\" data-element_type=\"column\" data-e-type=\"column\">\n\t\t\t<div class=\"elementor-widget-wrap elementor-element-populated\">\n\t\t\t\t\t\t<div class=\"elementor-element elementor-element-18d504a elementor-widget elementor-widget-heading\" data-id=\"18d504a\" data-element_type=\"widget\" data-e-type=\"widget\" data-widget_type=\"heading.default\">\n\t\t\t\t<div class=\"elementor-widget-container\">\n\t\t\t\t\t<h1 class=\"elementor-heading-title elementor-size-default\">\u00dcber die Kunst<\/h1>\t\t\t\t<\/div>\n\t\t\t\t<\/div>\n\t\t\t\t\t<\/div>\n\t\t<\/div>\n\t\t\t\t\t<\/div>\n\t\t<\/section>\n\t\t\t\t<section class=\"elementor-section elementor-top-section elementor-element elementor-element-a88c63b elementor-section-boxed elementor-section-height-default elementor-section-height-default\" data-id=\"a88c63b\" data-element_type=\"section\" data-e-type=\"section\">\n\t\t\t\t\t\t<div class=\"elementor-container elementor-column-gap-default\">\n\t\t\t\t\t<div class=\"elementor-column elementor-col-100 elementor-top-column elementor-element elementor-element-8f64dbe\" data-id=\"8f64dbe\" data-element_type=\"column\" data-e-type=\"column\">\n\t\t\t<div class=\"elementor-widget-wrap elementor-element-populated\">\n\t\t\t\t\t\t<div class=\"elementor-element elementor-element-080ec9b elementor-widget elementor-widget-text-editor\" data-id=\"080ec9b\" data-element_type=\"widget\" data-e-type=\"widget\" data-widget_type=\"text-editor.default\">\n\t\t\t\t<div class=\"elementor-widget-container\">\n\t\t\t\t\t\t\t\t\t<p>&#8222;Christiane Cic\u00e9ron hat seit einigen Jahren das Malen in den Mittelpunkt ihres Lebens gestellt. Ihre Experimentierfreude, Ausdauer und energetische Explosionskraft ist au\u00dfergew\u00f6hnlich und dr\u00fcckt sich besonders in ihren Schaffensprozessen nachhaltig aus. Sensibel und entschlossen, d.h. mit viel Seele, Kraft und Dauerhaftigkeit setzt Christiane Cic\u00e9ron ihre Vorstellungen in Bilder um. Inspiriert durch Erlebnisse w\u00e4hrend ihrer Reisen, dr\u00e4ngt es sie, diese in eine bildhafte Form zu bringen. Ihre Bilder haben Atmosph\u00e4re. Sie spiegeln in einer \u00fcbersetzten Form die Lebensweise, das Klima, die Musik oder die Ruhe ferner und naher Lebenswelten wider. Dabei beleben fig\u00fcrliche Fl\u00e4chen mal mehr oder auch zur\u00fcckhaltender die Inhalte ihrer Bilder. Auf jeden Fall bereitet es ein Vergn\u00fcgen, sich in ihre Bildwelten zu vertiefen, Unglaubliches zu entdecken, zu interpretieren oder einfach Spa\u00df zu haben an der Vielfalt ihrer spielerischen Ausdrucksm\u00f6glichkeiten.&#8220;<\/p>\n\n<p>Alfred Nieswand, Berliner K\u00fcnstler<\/p>\t\t\t\t\t\t\t\t<\/div>\n\t\t\t\t<\/div>\n\t\t\t\t\t<\/div>\n\t\t<\/div>\n\t\t\t\t\t<\/div>\n\t\t<\/section>\n\t\t\t\t<section class=\"elementor-section elementor-top-section elementor-element elementor-element-182cb4f elementor-section-boxed elementor-section-height-default elementor-section-height-default\" data-id=\"182cb4f\" data-element_type=\"section\" data-e-type=\"section\">\n\t\t\t\t\t\t<div class=\"elementor-container elementor-column-gap-default\">\n\t\t\t\t\t<div class=\"elementor-column elementor-col-100 elementor-top-column elementor-element elementor-element-2a32057\" data-id=\"2a32057\" data-element_type=\"column\" data-e-type=\"column\">\n\t\t\t<div class=\"elementor-widget-wrap elementor-element-populated\">\n\t\t\t\t\t\t<div class=\"elementor-element elementor-element-892ffd4 elementor-widget elementor-widget-spacer\" data-id=\"892ffd4\" data-element_type=\"widget\" data-e-type=\"widget\" data-widget_type=\"spacer.default\">\n\t\t\t\t<div class=\"elementor-widget-container\">\n\t\t\t\t\t\t\t<div class=\"elementor-spacer\">\n\t\t\t<div class=\"elementor-spacer-inner\"><\/div>\n\t\t<\/div>\n\t\t\t\t\t\t<\/div>\n\t\t\t\t<\/div>\n\t\t\t\t\t<\/div>\n\t\t<\/div>\n\t\t\t\t\t<\/div>\n\t\t<\/section>\n\t\t\t\t<section class=\"elementor-section elementor-top-section elementor-element elementor-element-db497b2 elementor-section-boxed elementor-section-height-default elementor-section-height-default\" data-id=\"db497b2\" data-element_type=\"section\" data-e-type=\"section\">\n\t\t\t\t\t\t<div class=\"elementor-container elementor-column-gap-wider\">\n\t\t\t\t\t<div class=\"elementor-column elementor-col-50 elementor-top-column elementor-element elementor-element-e201b4b\" data-id=\"e201b4b\" data-element_type=\"column\" data-e-type=\"column\">\n\t\t\t<div class=\"elementor-widget-wrap elementor-element-populated\">\n\t\t\t\t\t\t<div class=\"elementor-element elementor-element-2dbe628 elementor-position-top elementor-widget elementor-widget-image-box\" data-id=\"2dbe628\" data-element_type=\"widget\" data-e-type=\"widget\" data-widget_type=\"image-box.default\">\n\t\t\t\t<div class=\"elementor-widget-container\">\n\t\t\t\t\t<div class=\"elementor-image-box-wrapper\"><figure class=\"elementor-image-box-img\"><a href=\"index.php\/landschaft-traeume\/\" tabindex=\"-1\"><img fetchpriority=\"high\" decoding=\"async\" width=\"750\" height=\"422\" src=\"https:\/\/christiane-ciceron.com\/wp-content\/uploads\/Abendrot-2023-Oel-auf-Leinwand-80-x-140-cm-768x432.jpg\" class=\"attachment-medium_large size-medium_large wp-image-1118\" alt=\"Abendrot, 2023, \u00d6l auf Leinwand, 80 x 140 cm\" srcset=\"https:\/\/christiane-ciceron.com\/wp-content\/uploads\/Abendrot-2023-Oel-auf-Leinwand-80-x-140-cm-768x432.jpg 768w, https:\/\/christiane-ciceron.com\/wp-content\/uploads\/Abendrot-2023-Oel-auf-Leinwand-80-x-140-cm-300x169.jpg 300w, https:\/\/christiane-ciceron.com\/wp-content\/uploads\/Abendrot-2023-Oel-auf-Leinwand-80-x-140-cm-1024x576.jpg 1024w, https:\/\/christiane-ciceron.com\/wp-content\/uploads\/Abendrot-2023-Oel-auf-Leinwand-80-x-140-cm-1536x864.jpg 1536w, https:\/\/christiane-ciceron.com\/wp-content\/uploads\/Abendrot-2023-Oel-auf-Leinwand-80-x-140-cm-2048x1152.jpg 2048w\" sizes=\"(max-width: 750px) 100vw, 750px\" \/><\/a><\/figure><div class=\"elementor-image-box-content\"><h3 class=\"elementor-image-box-title\"><a href=\"index.php\/landschaft-traeume\/\">Landschaft ... Tr\u00e4ume<\/a><\/h3><p class=\"elementor-image-box-description\">Ich male Landschaften. Nicht wie ich sie sehe. Sondern wie ich sie emotional erlebe, wie ich sie f\u00fchle. Ich mische mitgebrachte Erden von den abgebildeten Orten unter die Farbe, um dem Bild eine haptische Struktur zu verleihen. Ich male Meeresbilder. Die Wucht der Wellen \u00fcbersetze ich mit einer dynamischen Pinself\u00fchrung. Kraft und Spannung sollen im Bild entstehen.<\/p><\/div><\/div>\t\t\t\t<\/div>\n\t\t\t\t<\/div>\n\t\t\t\t\t<\/div>\n\t\t<\/div>\n\t\t\t\t<div class=\"elementor-column elementor-col-50 elementor-top-column elementor-element elementor-element-b70f5f3\" data-id=\"b70f5f3\" data-element_type=\"column\" data-e-type=\"column\">\n\t\t\t<div class=\"elementor-widget-wrap elementor-element-populated\">\n\t\t\t\t\t\t<div class=\"elementor-element elementor-element-b245d55 elementor-position-top elementor-widget elementor-widget-image-box\" data-id=\"b245d55\" data-element_type=\"widget\" data-e-type=\"widget\" data-widget_type=\"image-box.default\">\n\t\t\t\t<div class=\"elementor-widget-container\">\n\t\t\t\t\t<div class=\"elementor-image-box-wrapper\"><figure class=\"elementor-image-box-img\"><a href=\"index.php\/vulkane\/\" tabindex=\"-1\"><img decoding=\"async\" width=\"750\" height=\"464\" src=\"https:\/\/christiane-ciceron.com\/wp-content\/uploads\/La-Rage-au-coeur-III-2021-Acryl-und-Oel-auf-Leinwand-82-x-155-cm-768x475.jpeg\" class=\"attachment-medium_large size-medium_large wp-image-769\" alt=\"La Rage au coeur III, 2021, Acryl und \u00d6l auf Leinwand, 82 x 155 cm\" srcset=\"https:\/\/christiane-ciceron.com\/wp-content\/uploads\/La-Rage-au-coeur-III-2021-Acryl-und-Oel-auf-Leinwand-82-x-155-cm-768x475.jpeg 768w, https:\/\/christiane-ciceron.com\/wp-content\/uploads\/La-Rage-au-coeur-III-2021-Acryl-und-Oel-auf-Leinwand-82-x-155-cm-300x186.jpeg 300w, https:\/\/christiane-ciceron.com\/wp-content\/uploads\/La-Rage-au-coeur-III-2021-Acryl-und-Oel-auf-Leinwand-82-x-155-cm-1024x634.jpeg 1024w, https:\/\/christiane-ciceron.com\/wp-content\/uploads\/La-Rage-au-coeur-III-2021-Acryl-und-Oel-auf-Leinwand-82-x-155-cm-1536x951.jpeg 1536w, https:\/\/christiane-ciceron.com\/wp-content\/uploads\/La-Rage-au-coeur-III-2021-Acryl-und-Oel-auf-Leinwand-82-x-155-cm-2048x1268.jpeg 2048w\" sizes=\"(max-width: 750px) 100vw, 750px\" \/><\/a><\/figure><div class=\"elementor-image-box-content\"><h3 class=\"elementor-image-box-title\"><a href=\"index.php\/vulkane\/\">Vulkane<\/a><\/h3><p class=\"elementor-image-box-description\">Mich interessieren extreme Landschaften wie Vulkane. Mich faszinieren die st\u00e4ndig wechselnden Farben ihrer Berge, Lava, Asche, Sandfelder und auch das Feuer, das sie spucken. Ihr Farbspektrum ist enorm. Um diese malerisch wiederzugeben, verwende ich Naturpigmente pur auf der Leinwand: Ich m\u00f6chte dem Bild mehr Materialit\u00e4t geben, ohne die Illusion der Malerei wegzunehmen. <\/p><\/div><\/div>\t\t\t\t<\/div>\n\t\t\t\t<\/div>\n\t\t\t\t\t<\/div>\n\t\t<\/div>\n\t\t\t\t\t<\/div>\n\t\t<\/section>\n\t\t\t\t<section class=\"elementor-section elementor-top-section elementor-element elementor-element-53ad545 elementor-section-boxed elementor-section-height-default elementor-section-height-default\" data-id=\"53ad545\" data-element_type=\"section\" data-e-type=\"section\">\n\t\t\t\t\t\t<div class=\"elementor-container elementor-column-gap-wider\">\n\t\t\t\t\t<div class=\"elementor-column elementor-col-100 elementor-top-column elementor-element elementor-element-be161cf\" data-id=\"be161cf\" data-element_type=\"column\" data-e-type=\"column\">\n\t\t\t<div class=\"elementor-widget-wrap\">\n\t\t\t\t\t\t\t<\/div>\n\t\t<\/div>\n\t\t\t\t\t<\/div>\n\t\t<\/section>\n\t\t\t\t<section class=\"elementor-section elementor-top-section elementor-element elementor-element-e1e5a15 elementor-section-boxed elementor-section-height-default elementor-section-height-default\" data-id=\"e1e5a15\" data-element_type=\"section\" data-e-type=\"section\">\n\t\t\t\t\t\t<div class=\"elementor-container elementor-column-gap-wider\">\n\t\t\t\t\t<div class=\"elementor-column elementor-col-50 elementor-top-column elementor-element elementor-element-e1c0f4f\" data-id=\"e1c0f4f\" data-element_type=\"column\" data-e-type=\"column\">\n\t\t\t<div class=\"elementor-widget-wrap elementor-element-populated\">\n\t\t\t\t\t\t<div class=\"elementor-element elementor-element-5527db7 elementor-position-top elementor-widget elementor-widget-image-box\" data-id=\"5527db7\" data-element_type=\"widget\" data-e-type=\"widget\" data-widget_type=\"image-box.default\">\n\t\t\t\t<div class=\"elementor-widget-container\">\n\t\t\t\t\t<div class=\"elementor-image-box-wrapper\"><figure class=\"elementor-image-box-img\"><a href=\"index.php\/blumen\/\" tabindex=\"-1\"><img decoding=\"async\" width=\"750\" height=\"737\" src=\"https:\/\/christiane-ciceron.com\/wp-content\/uploads\/Pfingstmontag-II_2023_Oel-auf-Leinwand_20-x-20-cm-768x755.jpg\" class=\"attachment-medium_large size-medium_large wp-image-1181\" alt=\"Pfingstmontag II, 2023, \u00d6l auf Leinwand, 20 x 20 cm\" srcset=\"https:\/\/christiane-ciceron.com\/wp-content\/uploads\/Pfingstmontag-II_2023_Oel-auf-Leinwand_20-x-20-cm-768x755.jpg 768w, https:\/\/christiane-ciceron.com\/wp-content\/uploads\/Pfingstmontag-II_2023_Oel-auf-Leinwand_20-x-20-cm-300x295.jpg 300w, https:\/\/christiane-ciceron.com\/wp-content\/uploads\/Pfingstmontag-II_2023_Oel-auf-Leinwand_20-x-20-cm-1024x1007.jpg 1024w, https:\/\/christiane-ciceron.com\/wp-content\/uploads\/Pfingstmontag-II_2023_Oel-auf-Leinwand_20-x-20-cm-1536x1511.jpg 1536w, https:\/\/christiane-ciceron.com\/wp-content\/uploads\/Pfingstmontag-II_2023_Oel-auf-Leinwand_20-x-20-cm.jpg 1717w\" sizes=\"(max-width: 750px) 100vw, 750px\" \/><\/a><\/figure><div class=\"elementor-image-box-content\"><h3 class=\"elementor-image-box-title\"><a href=\"index.php\/blumen\/\">Stillleben \/ Blumen<\/a><\/h3><p class=\"elementor-image-box-description\">Die mir geschenkten Blumenstr\u00e4u\u00dfe und vor allem mein Garten, wenn im Mai alles bl\u00fcht, sind meine Inspirationsquellen. Bl\u00fcten und Farben explodieren. Diese Momente intensiver Emotionen sind fl\u00fcchtig, ich muss sie hastig mit dem Pinsel einfangen.  Die Blumen nehmen den ganzen Raum des Bildes ein, Bl\u00fcten werden zu pastosen Flecken. Die Emotion dauert fort.<\/p><\/div><\/div>\t\t\t\t<\/div>\n\t\t\t\t<\/div>\n\t\t\t\t\t<\/div>\n\t\t<\/div>\n\t\t\t\t<div class=\"elementor-column elementor-col-50 elementor-top-column elementor-element elementor-element-8e1a02f\" data-id=\"8e1a02f\" data-element_type=\"column\" data-e-type=\"column\">\n\t\t\t<div class=\"elementor-widget-wrap elementor-element-populated\">\n\t\t\t\t\t\t<div class=\"elementor-element elementor-element-12f7ddb elementor-position-top elementor-widget elementor-widget-image-box\" data-id=\"12f7ddb\" data-element_type=\"widget\" data-e-type=\"widget\" data-widget_type=\"image-box.default\">\n\t\t\t\t<div class=\"elementor-widget-container\">\n\t\t\t\t\t<div class=\"elementor-image-box-wrapper\"><figure class=\"elementor-image-box-img\"><a href=\"index.php\/stillleben-in-gruen\/\" tabindex=\"-1\"><img loading=\"lazy\" decoding=\"async\" width=\"750\" height=\"489\" src=\"https:\/\/christiane-ciceron.com\/wp-content\/uploads\/6.-Verde-que-te-quiero-Verde-2021-Acryl-auf-Papier-30x42cm-768x501.jpg\" class=\"attachment-medium_large size-medium_large wp-image-153\" alt=\"6. Verde que te quiero Verde, 2021, Acryl auf Papier, 30x42cm\" srcset=\"https:\/\/christiane-ciceron.com\/wp-content\/uploads\/6.-Verde-que-te-quiero-Verde-2021-Acryl-auf-Papier-30x42cm-768x501.jpg 768w, https:\/\/christiane-ciceron.com\/wp-content\/uploads\/6.-Verde-que-te-quiero-Verde-2021-Acryl-auf-Papier-30x42cm-300x196.jpg 300w, https:\/\/christiane-ciceron.com\/wp-content\/uploads\/6.-Verde-que-te-quiero-Verde-2021-Acryl-auf-Papier-30x42cm-1024x668.jpg 1024w, https:\/\/christiane-ciceron.com\/wp-content\/uploads\/6.-Verde-que-te-quiero-Verde-2021-Acryl-auf-Papier-30x42cm-1536x1003.jpg 1536w, https:\/\/christiane-ciceron.com\/wp-content\/uploads\/6.-Verde-que-te-quiero-Verde-2021-Acryl-auf-Papier-30x42cm-2048x1337.jpg 2048w\" sizes=\"(max-width: 750px) 100vw, 750px\" \/><\/a><\/figure><div class=\"elementor-image-box-content\"><h3 class=\"elementor-image-box-title\"><a href=\"index.php\/stillleben-in-gruen\/\">Stillleben in gr\u00fcn<\/a><\/h3><p class=\"elementor-image-box-description\">\u201cVerde, que te quiero verde\u201c hei\u00dft ein Gedicht von Federico Garcia Lorca. \u201eGr\u00fcn, wie ich Dich liebe\u201c. Gr\u00fcn hat eine ganz eigene Stellung innerhalb der Farben. Das saftige Gr\u00fcn der Gem\u00fcse bildet die Basis meiner Stilllebenkonstruktionen.<\/p><\/div><\/div>\t\t\t\t<\/div>\n\t\t\t\t<\/div>\n\t\t\t\t\t<\/div>\n\t\t<\/div>\n\t\t\t\t\t<\/div>\n\t\t<\/section>\n\t\t\t\t<section class=\"elementor-section elementor-top-section elementor-element elementor-element-c627948 elementor-section-boxed elementor-section-height-default elementor-section-height-default\" data-id=\"c627948\" data-element_type=\"section\" data-e-type=\"section\">\n\t\t\t\t\t\t<div class=\"elementor-container elementor-column-gap-default\">\n\t\t\t\t\t<div class=\"elementor-column elementor-col-100 elementor-top-column elementor-element elementor-element-b0b8985\" data-id=\"b0b8985\" data-element_type=\"column\" data-e-type=\"column\">\n\t\t\t<div class=\"elementor-widget-wrap\">\n\t\t\t\t\t\t\t<\/div>\n\t\t<\/div>\n\t\t\t\t\t<\/div>\n\t\t<\/section>\n\t\t\t\t<section class=\"elementor-section elementor-top-section elementor-element elementor-element-01339ab elementor-section-boxed elementor-section-height-default elementor-section-height-default\" data-id=\"01339ab\" data-element_type=\"section\" data-e-type=\"section\">\n\t\t\t\t\t\t<div class=\"elementor-container elementor-column-gap-wider\">\n\t\t\t\t\t<div class=\"elementor-column elementor-col-50 elementor-top-column elementor-element elementor-element-e668f00\" data-id=\"e668f00\" data-element_type=\"column\" data-e-type=\"column\">\n\t\t\t<div class=\"elementor-widget-wrap elementor-element-populated\">\n\t\t\t\t\t\t<div class=\"elementor-element elementor-element-5433388 elementor-position-top elementor-widget elementor-widget-image-box\" data-id=\"5433388\" data-element_type=\"widget\" data-e-type=\"widget\" data-widget_type=\"image-box.default\">\n\t\t\t\t<div class=\"elementor-widget-container\">\n\t\t\t\t\t<div class=\"elementor-image-box-wrapper\"><figure class=\"elementor-image-box-img\"><a href=\"index.php\/maskerade\/\" tabindex=\"-1\"><img loading=\"lazy\" decoding=\"async\" width=\"1569\" height=\"2116\" src=\"https:\/\/christiane-ciceron.com\/wp-content\/uploads\/3.-Mumie-2019-Champagner-Kreide-und-Acryl-auf-Leinwand-80-x-60-cm.jpg\" class=\"attachment-full size-full wp-image-140\" alt=\"3. Mumie, 2019, Champagner Kreide und Acryl auf Leinwand, 80 x 60 cm\" srcset=\"https:\/\/christiane-ciceron.com\/wp-content\/uploads\/3.-Mumie-2019-Champagner-Kreide-und-Acryl-auf-Leinwand-80-x-60-cm.jpg 1569w, https:\/\/christiane-ciceron.com\/wp-content\/uploads\/3.-Mumie-2019-Champagner-Kreide-und-Acryl-auf-Leinwand-80-x-60-cm-222x300.jpg 222w, https:\/\/christiane-ciceron.com\/wp-content\/uploads\/3.-Mumie-2019-Champagner-Kreide-und-Acryl-auf-Leinwand-80-x-60-cm-759x1024.jpg 759w, https:\/\/christiane-ciceron.com\/wp-content\/uploads\/3.-Mumie-2019-Champagner-Kreide-und-Acryl-auf-Leinwand-80-x-60-cm-768x1036.jpg 768w, https:\/\/christiane-ciceron.com\/wp-content\/uploads\/3.-Mumie-2019-Champagner-Kreide-und-Acryl-auf-Leinwand-80-x-60-cm-1139x1536.jpg 1139w, https:\/\/christiane-ciceron.com\/wp-content\/uploads\/3.-Mumie-2019-Champagner-Kreide-und-Acryl-auf-Leinwand-80-x-60-cm-1519x2048.jpg 1519w\" sizes=\"(max-width: 1569px) 100vw, 1569px\" \/><\/a><\/figure><div class=\"elementor-image-box-content\"><h3 class=\"elementor-image-box-title\"><a href=\"index.php\/maskerade\/\">Maskerade<\/a><\/h3><p class=\"elementor-image-box-description\">Ich male Masken, entstellte Portr\u00e4ts, verzerrte Gesichter. Und wenn unsere wahre Identit\u00e4t nur eine Maske w\u00e4re?  Ich male direkt aus der Emotion heraus. Ver\u00e4rgert, verletzt, verbl\u00fcfft, greife ich zum Pinsel oder ich male mit den blo\u00dfen H\u00e4nden.<\/p><\/div><\/div>\t\t\t\t<\/div>\n\t\t\t\t<\/div>\n\t\t\t\t\t<\/div>\n\t\t<\/div>\n\t\t\t\t<div class=\"elementor-column elementor-col-50 elementor-top-column elementor-element elementor-element-d24014e\" data-id=\"d24014e\" data-element_type=\"column\" data-e-type=\"column\">\n\t\t\t<div class=\"elementor-widget-wrap elementor-element-populated\">\n\t\t\t\t\t\t<div class=\"elementor-element elementor-element-daacf5e elementor-position-top elementor-widget elementor-widget-image-box\" data-id=\"daacf5e\" data-element_type=\"widget\" data-e-type=\"widget\" data-widget_type=\"image-box.default\">\n\t\t\t\t<div class=\"elementor-widget-container\">\n\t\t\t\t\t<div class=\"elementor-image-box-wrapper\"><figure class=\"elementor-image-box-img\"><a href=\"index.php\/koerper-geist-und-seele\/\" tabindex=\"-1\"><img loading=\"lazy\" decoding=\"async\" width=\"2067\" height=\"2560\" src=\"https:\/\/christiane-ciceron.com\/wp-content\/uploads\/4.-Zusammen-sind-wir-unschlagbar-2020-Acryl-auf-Leinwand-190-x-150-cm-1-scaled.jpg\" class=\"attachment-full size-full wp-image-303\" alt=\"Zusammen sind wir unschlagbar, 2020, Acryl auf Leinwand, 190 x 150 cm\" srcset=\"https:\/\/christiane-ciceron.com\/wp-content\/uploads\/4.-Zusammen-sind-wir-unschlagbar-2020-Acryl-auf-Leinwand-190-x-150-cm-1-scaled.jpg 2067w, https:\/\/christiane-ciceron.com\/wp-content\/uploads\/4.-Zusammen-sind-wir-unschlagbar-2020-Acryl-auf-Leinwand-190-x-150-cm-1-242x300.jpg 242w, https:\/\/christiane-ciceron.com\/wp-content\/uploads\/4.-Zusammen-sind-wir-unschlagbar-2020-Acryl-auf-Leinwand-190-x-150-cm-1-827x1024.jpg 827w, https:\/\/christiane-ciceron.com\/wp-content\/uploads\/4.-Zusammen-sind-wir-unschlagbar-2020-Acryl-auf-Leinwand-190-x-150-cm-1-768x951.jpg 768w, https:\/\/christiane-ciceron.com\/wp-content\/uploads\/4.-Zusammen-sind-wir-unschlagbar-2020-Acryl-auf-Leinwand-190-x-150-cm-1-1240x1536.jpg 1240w, https:\/\/christiane-ciceron.com\/wp-content\/uploads\/4.-Zusammen-sind-wir-unschlagbar-2020-Acryl-auf-Leinwand-190-x-150-cm-1-1654x2048.jpg 1654w\" sizes=\"(max-width: 2067px) 100vw, 2067px\" \/><\/a><\/figure><div class=\"elementor-image-box-content\"><h3 class=\"elementor-image-box-title\"><a href=\"index.php\/koerper-geist-und-seele\/\">K\u00f6rper, Geist und Seele<\/a><\/h3><p class=\"elementor-image-box-description\">Mich interessiert die K\u00f6rperkraft, die Gestik des K\u00f6rpers, seine Empfindungen. Ich male mit der Kraft aller Sinne, einer besessenen Kraft, mit einem unruhigen nerv\u00f6sen Duktus. Ich w\u00fcnschte mir, man s\u00e4he diese Kraft in meinen Bildern.<\/p><\/div><\/div>\t\t\t\t<\/div>\n\t\t\t\t<\/div>\n\t\t\t\t\t<\/div>\n\t\t<\/div>\n\t\t\t\t\t<\/div>\n\t\t<\/section>\n\t\t\t\t<section class=\"elementor-section elementor-top-section elementor-element elementor-element-0d7bfd7 elementor-section-boxed elementor-section-height-default elementor-section-height-default\" data-id=\"0d7bfd7\" data-element_type=\"section\" data-e-type=\"section\">\n\t\t\t\t\t\t<div class=\"elementor-container elementor-column-gap-default\">\n\t\t\t\t\t<div class=\"elementor-column elementor-col-100 elementor-top-column elementor-element elementor-element-d59bba8\" data-id=\"d59bba8\" data-element_type=\"column\" data-e-type=\"column\">\n\t\t\t<div class=\"elementor-widget-wrap elementor-element-populated\">\n\t\t\t\t\t\t<div class=\"elementor-element elementor-element-143728f elementor-widget elementor-widget-heading\" data-id=\"143728f\" data-element_type=\"widget\" data-e-type=\"widget\" data-widget_type=\"heading.default\">\n\t\t\t\t<div class=\"elementor-widget-container\">\n\t\t\t\t\t<h2 class=\"elementor-heading-title elementor-size-default\">Die Kraft der Emotionalit\u00e4t<\/h2>\t\t\t\t<\/div>\n\t\t\t\t<\/div>\n\t\t\t\t<div class=\"elementor-element elementor-element-89b0cc5 elementor-widget elementor-widget-text-editor\" data-id=\"89b0cc5\" data-element_type=\"widget\" data-e-type=\"widget\" data-widget_type=\"text-editor.default\">\n\t\t\t\t<div class=\"elementor-widget-container\">\n\t\t\t\t\t\t\t\t\t<p>&#8222;Christiane Cic\u00e9ron&#8217;s Bilder ziehen ihre Kraft aus der Emotionalit\u00e4t. Ihre Malerei ist ihr daf\u00fcr die unmittelbare Sprache und ist immer dann am besten, wenn sie ungehemmt agieren darf und dann direkt bei der Emotion ist. Es ist eine Sprache, die wie ein Paukenschlag beim Betrachter landet und die unmittelbar verstanden wird. Bei aller Kraft zeigt Christiane Cic\u00e9ron bei Ihren Landschaftsbildern beispielsweise jedoch auch eine gro\u00dfe Sensibilit\u00e4t f\u00fcr das Atmosph\u00e4rische, bedient sich aber auch hier wieder dem direkten und authentischen Bezug, wenn sie mitgebrachte Erden von den abgebildeten Orten unter die Farben mischt und damit der Bildoberfl\u00e4che nicht nur eine haptische Struktur verleiht, sondern auch das Bild energetisch aufl\u00e4dt&#8220;.<\/p><p>Ute W\u00f6llmann, Leiterin der Akademie f\u00fcr Malerei Berlin<\/p>\t\t\t\t\t\t\t\t<\/div>\n\t\t\t\t<\/div>\n\t\t\t\t\t<\/div>\n\t\t<\/div>\n\t\t\t\t\t<\/div>\n\t\t<\/section>\n\t\t\t\t<section class=\"elementor-section elementor-top-section elementor-element elementor-element-ca602e6 elementor-section-boxed elementor-section-height-default elementor-section-height-default\" data-id=\"ca602e6\" data-element_type=\"section\" data-e-type=\"section\">\n\t\t\t\t\t\t<div class=\"elementor-container elementor-column-gap-default\">\n\t\t\t\t\t<div class=\"elementor-column elementor-col-100 elementor-top-column elementor-element elementor-element-575e025\" data-id=\"575e025\" data-element_type=\"column\" data-e-type=\"column\">\n\t\t\t<div class=\"elementor-widget-wrap elementor-element-populated\">\n\t\t\t\t\t\t<div class=\"elementor-element elementor-element-3cbefff elementor-widget elementor-widget-spacer\" data-id=\"3cbefff\" data-element_type=\"widget\" data-e-type=\"widget\" data-widget_type=\"spacer.default\">\n\t\t\t\t<div class=\"elementor-widget-container\">\n\t\t\t\t\t\t\t<div class=\"elementor-spacer\">\n\t\t\t<div class=\"elementor-spacer-inner\"><\/div>\n\t\t<\/div>\n\t\t\t\t\t\t<\/div>\n\t\t\t\t<\/div>\n\t\t\t\t\t<\/div>\n\t\t<\/div>\n\t\t\t\t\t<\/div>\n\t\t<\/section>\n\t\t\t\t<\/div>\n\t\t","protected":false},"excerpt":{"rendered":"<p>\u00dcber die Kunst &#8222;Christiane Cic\u00e9ron hat seit einigen Jahren das Malen in den Mittelpunkt ihres Lebens gestellt. Ihre Experimentierfreude, Ausdauer und energetische Explosionskraft ist au\u00dfergew\u00f6hnlich und dr\u00fcckt sich besonders in ihren Schaffensprozessen nachhaltig aus. Sensibel und entschlossen, d.h. mit viel Seele, Kraft und Dauerhaftigkeit setzt Christiane Cic\u00e9ron ihre Vorstellungen in<a class=\"moretag\" href=\"https:\/\/christiane-ciceron.com\/\"> Read more<\/a><\/p>\n","protected":false},"author":1,"featured_media":0,"parent":0,"menu_order":0,"comment_status":"closed","ping_status":"closed","template":"","meta":{"footnotes":""},"class_list":["post-13","page","type-page","status-publish","hentry"],"_links":{"self":[{"href":"https:\/\/christiane-ciceron.com\/index.php\/wp-json\/wp\/v2\/pages\/13","targetHints":{"allow":["GET"]}}],"collection":[{"href":"https:\/\/christiane-ciceron.com\/index.php\/wp-json\/wp\/v2\/pages"}],"about":[{"href":"https:\/\/christiane-ciceron.com\/index.php\/wp-json\/wp\/v2\/types\/page"}],"author":[{"embeddable":true,"href":"https:\/\/christiane-ciceron.com\/index.php\/wp-json\/wp\/v2\/users\/1"}],"replies":[{"embeddable":true,"href":"https:\/\/christiane-ciceron.com\/index.php\/wp-json\/wp\/v2\/comments?post=13"}],"version-history":[{"count":0,"href":"https:\/\/christiane-ciceron.com\/index.php\/wp-json\/wp\/v2\/pages\/13\/revisions"}],"wp:attachment":[{"href":"https:\/\/christiane-ciceron.com\/index.php\/wp-json\/wp\/v2\/media?parent=13"}],"curies":[{"name":"wp","href":"https:\/\/api.w.org\/{rel}","templated":true}]}}